z).
-6
Let x(h) be the second derivative of h**6/360 - h**5/30 - 5*h**4/24 + h**3/6 - 3*h. Let r(f) be the second derivative of x(f). Determine r(6).
7
Let k(t) = -3*t - 6. Let i(p) = 3*p + 6. Let j(n) = -5*i(n) - 4*k(n). Determine j(-4).
6
Let f(v) = -v**2 - v - 3. Suppose 5*o - 37 = 5*i + 3, 12 = i + 3*o. Calculate f(i).
-9
Let f be 4 + -3 + -1 + 3. Suppose 0 = -f*o - p - 2, 4*o = 4*p + 15 + 9. Let q(m) = m - 1. Let a(u) = -4*u - 1. Let s(k) = -a(k) + 2*q(k). Determine s(o).
5
Let x(h) = 0*h + h - 1 - 3 - h**2 - 2. Determine x(0).
-6
Let u(y) = -y**2 - 7*y - 4. Let k be (-21)/9 - (-5)/((-15)/2). Calculate u(k).
8
Let w(h) be the second derivative of -h**3/6 + h**2 + h. Let l be (-11)/((-660)/8) + (-154)/30. What is w(l)?
7
Let w = -17 - -14. Let c(x) = -x**3 - 5*x**2 - x + 1. Let h(v) = v**2 + v. Suppose 3*b - 3 = 0, 3*n = -b + 3*b + 4. Let p(u) = n*h(u) + c(u). Give p(w).
-2
Let a(h) = -h - 2. Let m(p) = -3*p + 15. Let o be m(5). Let b be 6*(o + 6/9). What is a(b)?
-6
Let o(g) = -8*g**2 - 8*g - g**3 - 5 + 1 - 1. Let l = -2 + -5. Let m be o(l). Let p(z) = z**2 - 2*z. Calculate p(m).
0
Let g(y) = 5*y**3 + 4*y**2 + 4*y + 1. Let z(n) be the second derivative of -n**5/5 - n**4/4 - n**3/2 - n**2/2 - 2*n. Let a(o) = 3*g(o) + 4*z(o). What is a(0)?
-1
Let t(j) = j. Let h be t(2). Let s be (8 - 0)/h + -2. Let x(l) = 2 + l - 2 - 3*l + l**2 - s. What is x(3)?
1
Let c(f) be the third derivative of -f**4/8 + f**2. Calculate c(2).
-6
Suppose -f + 4 = 2. Let v(o) = -3 - o**f + 2*o**2 + 0*o + 5*o. Let p(h) = 6*h + 31. Let j be p(-6). Give v(j).
-3
Suppose -30 = 3*i + 4*z, 0 = -2*i - i - 2*z - 30. Let h be (i + 1)/(9/6). Let a(n) = n. What is a(h)?
-6
Suppose 3*q - 7*q = 4. Let s(k) = -5*k + 4. Let g(t) = -4*t + 3. Let v(y) = 3*g(y) - 2*s(y). Determine v(q).
3
Let n(f) = f**3 + 4*f**2 - 6*f - 9. Let x be 10/(-15) + 20/3. Let y(z) = z**3 + 4*z**2 - 5*z - 8. Let k(g) = x*y(g) - 5*n(g). Determine k(-4).
-3
Let b(f) = 0*f + 3*f + 4 - 5*f - 2. Determine b(-5).
12
Suppose 5*g = 2*q - 18, 0*q = 5*q - 4*g - 11. Let f(d) = -21*d - 1. Determine f(q).
20
Let s(w) = 4*w**3 + 2*w**2 + 3*w - 2. Suppose 4*x - 9 = 2*g + 3*x, -x + 11 = -3*g. Let l(t) = t**3 + t**2 + t - 1. Let b(n) = g*s(n) + 7*l(n). What is b(3)?
0
Let t(l) = -5*l**2 - 10*l + 5. Let j(o) = -11*o**2 - 21*o + 11. Let h(u) = 6*j(u) - 13*t(u). Let v = 0 - -6. Calculate h(v).
-11
Let n(c) = c + 2. Let d be n(-3). Let p(v) = 3*v - 1. What is p(d)?
-4
Suppose -5 = 4*k - 5*t, 2 + 13 = -5*t. Let x(p) = 2*p - 5. Let m(b) = -3*b + 3. Let c(a) = -m(a) - x(a). What is c(k)?
-3
Let y(b) = -b**2 + 9*b + 3. Let c be ((-40)/(-25))/(-1 - 12/(-10)). What is y(c)?
11
Let c(u) be the second derivative of -8*u + 0 - 1/2*u**3 - 1/3*u**4 + 1/20*u**5 - 5/2*u**2. Give c(5).
5
Let b be 74/(-2) - (0 + 0). Let f be b/13 + 2/(-13). Let c(i) = -i**2 - 3*i - 1. Calculate c(f).
-1
Let n(u) = u - 4. Let v(z) = -5*z + 1. Let w = -6 - -5. Let r be v(w). Suppose -5 = -r*a + 7*a. Give n(a).
-9
Let n(c) = c**3 + 11*c**2 + 3. Let t be n(-11). Suppose -2*w - 5*h = -16, w + h - 14 = -3*w. Let j(a) = 0*a**2 + 5*a**3 + 3 - 4*a**3 + w*a - 5*a**2. Give j(t).
-6
Let x be 2/4*1*6. Let n be ((-32)/12)/4*-3. Let p(z) = -5*z**n - 1 + x*z**3 + z**3 - 6*z**3 + z**2 - 3*z. Determine p(-2).
5
Let n(s) = s**2 - s. Let z(t) = 7*t**2 - 7*t + 1. Let h(p) = -6*n(p) + z(p). Suppose 2*g = 4*g + 3*r - 12, 0 = -5*g - 4*r + 16. Calculate h(g).
1
Let i(s) = -2*s**2 - 2*s - 1. Let x be i(-2). Let u(h) = -h - 6. Let y(d) = 2*d + 11. Let c(q) = 11*u(q) + 6*y(q). Give c(x).
-5
Let j(v) = -7*v**3 + 19*v**2 - 5*v. Let h(s) = -4*s**3 + 10*s**2 - 3*s + 1. Let b(r) = -5*h(r) + 3*j(r). Determine b(7).
-5
Let c(r) be the second derivative of 0 + 1/20*r**5 + 1/2*r**2 + 1/6*r**3 + 1/3*r**4 - r. What is c(-4)?
-3
Let r(o) be the third derivative of -o**6/120 - o**5/30 - 2*o**3/3 + 2*o**2. Let n be r(-3). Let k(j) = j**3 - 4*j**2 - 8*j + 7. What is k(n)?
-8
Let h(a) = -3*a - 1. Let n be (-6)/(-2) - 10/2. Let k(t) be the second derivative of -t**4/12 - t**3/3 - 3*t**2/2 + 3*t. Let l be k(n). Calculate h(l).
8
Let p(t) be the third derivative of t**5/60 + 5*t**4/24 - t**3/6 - 4*t**2. Give p(-4).
-5
Let w(t) = -t + 7. Let b be w(8). Let n(f) = f**2 - 3*f + 9. Let y(x) = x**2 + x + 1. Let q(a) = b*n(a) + 2*y(a). Calculate q(-6).
-1
Let h be 6/(-4)*-4 - -1. Let d(i) = -5 - i + 9*i - i**2 - 5. Give d(h).
-3
Let w = 8 - 4. Suppose 1 + 17 = t - 3*b, -27 = -w*t + 3*b. Let n(o) = o**3 - 4*o**2 + 4*o - 3. Determine n(t).
0
Let a(u) = -6*u - 3. Let i(p) = -p. Let b(h) = 2*a(h) - 14*i(h). What is b(4)?
2
Suppose m - 5 = -1. Suppose -c + s - 3*s + 13 = 0, -5*c + m*s = -9. Let i(y) = y - 3 + 0 + c. Give i(3).
5
Let s(h) = h**3 + 6*h**2 + h + 1. Let a be s(-6). Let x(b) = -4*b - 7. Determine x(a).
13
Let g = 2 - 0. Let h(k) = -g - 3 + k + 3. Let l be ((-5)/(-2))/((-1)/2). Give h(l).
-7
Let n be -4*(-2)/(2 + 2). Let o(b) = -n - 2*b + 10 - 3 + 0. Give o(4).
-3
Let b(s) = 10*s**3 - 19*s**2 - 7*s + 9. Let f(u) = -3*u**3 + 6*u**2 + 2*u - 3. Let r(l) = -2*b(l) - 7*f(l). What is r(3)?
-6
Suppose -3*h + 8*h + 15 = -2*l, 0 = 2*l + 4*h + 14. Let z(d) be the second derivative of d**4/12 + 4*d**3/3 + 5*d**2/2 - 23*d. Determine z(l).
-10
Let t(u) = -u**3 + u + 2. Let v(b) = -4*b - 6. Let h be v(-3). Let a(s) = -s**2 + 7*s - 4. Let o be a(h). What is t(o)?
-4
Let r(l) = -l**3 - 5*l**2 - 4*l - 4. Let y = -7 - -8. Let a = y - 5. Calculate r(a).
-4
Let h = 0 - 12. Let a be h/42 + 4/14. Let x(b) = -1 + 5 - 4*b + 3*b. What is x(a)?
4
Let x(a) = a - 2. Let p be x(5). Let d(i) = -8 - i - p*i - i + 4*i. Determine d(0).
-8
Let n = 4 - 7. Let r(v) = -3*v**2 - 2*v + 2. Let s(l) = 4*l**2 + 3*l - 3. Let g(i) = n*r(i) - 2*s(i). Give g(2).
4
Let g(d) be the first derivative of -2 + 1/2*d**2 + 0*d. What is g(-2)?
-2
Let s(y) = -y**3 + 8*y**2 + 7. Suppose -4*f = 4*n - n - 38, 26 = 2*f + 5*n. Give s(f).
7
Let o(i) be the second derivative of i**3/6 + i**2/2 - 3*i. Let u(c) = -c**2 + 8*c + 4. Let r = 15 - 10. Let p(f) = r*o(f) - u(f). Determine p(2).
-1
Let l be -14*(2 - (-15)/(-6)). Suppose a = -2*k - 0*k - l, -k - 4*a - 21 = 0. Let d(o) = -2*o. Calculate d(k).
2
Suppose 0 + 16 = 2*y. Suppose 4*m - y*m = 16. Let g(k) = k**3 + 4*k**2 + 2*k + 6. Calculate g(m).
-2
Let r(u) = -12*u - 16. Let i(l) = -4*l - 5. Let q(t) = -16*i(t) + 5*r(t). Suppose -g - 5*o + 3 = 0, -5*g - 6 = -3*g - 2*o. Let n be -2 + (-6)/g + -3. Give q(n).
-8
Let j be (-3)/6 + 10/4. Suppose 5*f + 3 - 23 = 0. Suppose -12 = f*i, -6*i = j*c - 2*i + 6. Let m(x) = -x**2 + 2*x + 3. What is m(c)?
0
Let b = -1 + 5. Let v(k) = -2*k + 11. Let q(z) = 3*z - 19. Let n(t) = -6*t + 39. Let l(p) = 2*n(p) + 5*q(p). Let m(w) = -5*l(w) - 8*v(w). Give m(b).
1
Let p(v) = -4*v - 3 + 4*v**2 - 2*v**2 - 3*v**2. What is p(-4)?
-3
Let w(o) = 4*o + 1. Let j be (-3 - (-11)/5)*5/1. Determine w(j).
-15
Let d(s) = s + 1. Let n(v) = v**2 + 4*v - 12. Let i(h) = 2*d(h) + n(h). Calculate i(-7).
-3
Let c(t) = 7*t. Suppose -26 + 5 = -3*z. Suppose 0 = -5*l + z - 2. Determine c(l).
7
Let d(l) = -3*l**2 + 1. Suppose -3*i = -2*m - 12, -m - 11 = -3*i - i. Give d(i).
-11
Suppose -g = -3*c + 7, -5*c - g + 9 = -0*g. Let b(x) = -2*x**2 - 5*x. Let l(d) = 2*d**2 + 6*d - 1. Let h(i) = c*l(i) + 3*b(i). Determine h(-2).
-4
Let b(u) = -8*u**2 - u + 14. Let d(w) = 7*w**2 - 7. Let g(i) = -21*i**2 + 22. Let z(k) = 17*d(k) + 6*g(k). Let p(l) = 6*b(l) - 7*z(l). Calculate p(6).
-7
Let q(d) = -d**3 + 4*d**2 - 3*d. Let b(h) = 7*h**2 + 6*h - 8. Let x(k) = 20*k**2 + 18*k - 23. Let c(i) = 17*b(i) - 6*x(i). Let l be c(-6). Give q(l).
2
Let w(r) = r**2 - 6*r + 6. Suppose y = 4*i - 0*y + 11, -i - 2*y + 4 = 0. Let j be (-3)/i*40/15. Determine w(j).
-2
Let a(w) be the third derivative of w**4/6 - w**3/3 - 35*w**2. What is a(-2)?
-10
Let j(l) = l**3 + 3*l**2 + 3*l + 3. Let k(s) = -s**2 - s - 1. Let n be k(-1). Let v be (n + 2)/((-5)/15). Give j(v).
-6
Let w(a) = 3*a**2. Suppose -5*f - 3*b - 1 = 0, -9 = -3*f + 6*b - 3*b. Calculate w(f).
3
Let n(k) = -2*k**3 + 2*k**2 + 2*k - 3. Suppose 0*u - 4*u = -8. Give n(u).
-7
Let o(a) = -2*a**2 + 13*a + 1. Let p(u) = 3*u**2 - 19*u - 2. Let h(x) = -7*o(x) - 5*p(x). What is h(-2)?
-9
Suppose -2*f = -f. Suppose f*t - 2*t = 10. Let k(d) = -d**3 - 6*d**2 - 4*d - 3. Determine k(t).
-8
Let k(g) = -g**3 